 of -o**3/6 + 9*o**2/2 + 101*o + 1. Calculate h(r).
9
Suppose 0 = 22*m + 14*m - 118 - 98. Let f(w) = -7*w + 41. Give f(m).
-1
Let l(j) = j**2 + j + 1. Let q(d) = 11*d**2 + 12*d + 6. Let v(g) = 10*g**2 + 11*g + 6. Let y(t) = 6*q(t) - 7*v(t). Let o(p) = -5*l(p) - y(p). Determine o(-3).
-8
Suppose 8*m - u = 4*m + 27, 22*m = -u + 103. Let c(d) = d**3 - 4*d**2 + d + 3. What is c(m)?
33
Let v(c) be the third derivative of c**6/120 + 11*c**5/60 - c**4/8 - 14*c**3/3 - 2*c**2 + c + 309. Determine v(-11).
5
Let j(w) = -26*w + 3. Let k be j(1). Let p(m) = -m - 18. Calculate p(k).
5
Let f(m) = 2*m + 76. Suppose 5*s - 49 = 2*z, z + 0*z + 42 = -s. What is f(z)?
2
Let t(o) = -o**2 + 11. Let w(b) = -5*b**2 + 11*b + 66. Let a(n) = 4*t(n) - w(n). Give a(12).
-10
Suppose -i = -2*i + 5. Suppose j - 20 = i*j. Let w be ((33/j)/(-3) + -3)*-5. Let b(n) = 4*n + 3. Give b(w).
19
Let s be (1*-2 - (-12 + 10))/(-2). Suppose 5*d + 45 - 75 = s. Let w(y) = -3 - y + 2 + 5 + 4. What is w(d)?
2
Let s(k) = -8*k**3 - 24*k**2 - 3*k - 2. Let p(t) = -5*t**3 - 17*t**2 - 4*t - 1. Let f(q) = -3*p(q) + 2*s(q). Let o = -1 + 5. What is f(o)?
7
Let i(p) be the second derivative of -p**6/360 + 11*p**5/120 - 5*p**4/24 + 2*p**3/3 - 2*p - 18. Let w(k) be the second derivative of i(k). Determine w(11).
-5
Let j(u) = -5*u**2 + 12*u + 4. Let q be j(2). Let b(l) be the first derivative of l**3/3 - 4*l**2 - 4*l - 12. What is b(q)?
-4
Let a be 1 + 13/((-78)/60). Let g(j) be the first derivative of j**3/3 + 9*j**2/2 - 6. Calculate g(a).
0
Let r(l) = -l**2 + 21*l - 107. Let o be r(12). Let s(w) = 3*w**3 + 2*w**2 + 3*w - 5. What is s(o)?
3
Let x(t) = -t**2 - 22*t - 80. Let m be x(-5). Let d = -15 + 16. Let y(g) = 4*g + 2 - 4 + 0*g - d. Give y(m).
17
Let t(s) = -s**3 + 7*s**2 - s + 5. Let i(o) = -23*o**3 + o**2 + 14*o + 29. Let y be i(-2). Suppose -25*a - 2*a + y = 0. Determine t(a).
-2
Let o(i) = i**3 - 5*i**2 + 3*i - 15. Let q(w) = 2*w**2 + 4*w. Let h be q(-3). Let m(z) = -3*z**3 + 15*z**2 - 9*z + 44. Let l(v) = h*m(v) + 17*o(v). Give l(5).
-6
Let z(l) be the second derivative of l**4/12 + 2*l**3/3 - 7*l**2/2 - 3*l. Let f be (-451)/77 - 432/(-504). What is z(f)?
-2
Suppose -110*a = -37 - 73. Let n(v) = -20*v**3 + 2*v. Calculate n(a).
-18
Let m(f) be the third derivative of f**4/24 - f**3/6 - 31*f**2. Let k = -30 - -39. Suppose 0 = k*l - 7*l + 2. Calculate m(l).
-2
Let r be (0 + 3 + -1)/(202/707). Let l(u) = u**3 + 6*u**2 + 2*u**3 - 4*u**3 + 8*u - 9. Calculate l(r).
-2
Let o(j) = -14*j + 63*j - 19*j - 1 - 14*j - 11*j. Suppose 0 = -4*h + 3 + 13. Determine o(h).
19
Let b(w) = -460*w + 148*w - 2*w**2 + 152*w + 157*w - 13. Calculate b(-3).
-22
Let x(o) = 3*o**2 + 22*o - 7. Let k be 2*(8 - (-182)/(-21))*6. Calculate x(k).
9
Let u(z) = 77*z**2 - 26*z**3 + 11 - 87*z**2 + 27*z**3 - 4*z + 13*z. Give u(6).
-79
Suppose 2*m - 5 = -1. Let h(l) = -21*l - 2 - m + 20*l. Let o be h(-1). Let c(j) = j**3 + 4*j**2 + j - 2. Determine c(o).
4
Let q(m) = m**2 + 6*m - 2. Let g(b) = 2*b**2 + 13*b - 3. Let u(c) = -2*g(c) + 5*q(c). Suppose -19*x + 834 = 5432. Let i = 236 + x. Calculate u(i).
8
Let t(x) = -5*x - 1. Let y(p) = -6*p - 1. Suppose 3*l = -2*l + 255. Let c = l - 57. Let g(h) = c*y(h) + 7*t(h). Determine g(3).
2
Let h be 3178/12 - ((-29)/6)/29. Suppose 54*f - h = -751. Let t(u) = 2*u + 7. What is t(f)?
-11
Let y(w) = w**3 + 27*w**2 - 61*w - 87. Let b be y(-29). Let k(z) be the third derivative of 0*z - 1/60*z**5 + b + 1/3*z**4 - 1/3*z**3 - 23*z**2. Determine k(6).
10
Let l = -8591/2 - -4296. Let z(a) be the second derivative of -21*a + 0 + 1/6*a**3 + l*a**2 + 1/12*a**4. What is z(-2)?
3
Let s be (207/18 - 9) + (-3)/2. Let t(u) = -12*u**3 + 2*u**2 - 2. Determine t(s).
-12
Let b(a) = -2*a**3 + 8*a**2 + 8*a + 11. Let u(m) = 36*m**2 + m**3 + m + 1 - 69*m**2 + 34*m**2. Let p(v) = b(v) + u(v). What is p(10)?
2
Let r(u) = 2*u - 50. Suppose -75 = -2*g + 5*x, -103*x = -105*x - 10. What is r(g)?
0
Let s be -19 + (4 + -4)/3. Let y(d) = d**2 + 20*d + 26. Calculate y(s).
7
Let j(g) = 34*g - 350. Let o be j(10). Let t(b) = 2*b**2 + 15*b + 1. Calculate t(o).
51
Let f(o) = o**2 + 3*o - 3. Let t(l) = 61*l - 60. Let n be 2/5 + (-27)/(-45). Let r be t(n). Determine f(r).
1
Suppose 8*b = -i + 57, 70*i - 58 = 68*i - 2*b. Let n(f) = f**3 - 25*f**2 + 2*f - 54. Give n(i).
-4
Let d be (-1)/2*2 - -7. Let o(q) = 143*q - 41*q + q**2 - 40*q - 35*q - 36*q + 3. What is o(d)?
-15
Let f(o) be the third derivative of -62*o**2 + 0 + 0*o - 1/6*o**3 - 1/24*o**4. What is f(1)?
-2
Let g(b) = 32*b**2 + 16*b - 102. Let s(r) = -3*r**2 - r + 10. Let j(y) = -2*g(y) - 22*s(y). Give j(9).
56
Let r = -447 - -198. Let z = 258 + r. Let w(b) = b**2 - 9*b - 1. Determine w(z).
-1
Let r(f) be the second derivative of f**3/3 - f**2 + f - 16. Let y be r(-3). Let u(n) = -n - 11. Determine u(y).
-3
Let k = -6 - -10. Suppose -42 = k*b - 14. Let z(v) be the first derivative of -v**2/2 - 13*v - 1246. Calculate z(b).
-6
Let t(q) = 15*q**2 + 3*q + 31. Let o(a) = 7*a**2 + 2*a + 15. Let x = -221 + 208. Let g(u) = x*o(u) + 6*t(u). Calculate g(-9).
-18
Let l = -97 + 93. Let j(u) = 26 + 3*u - 9 - 5 - 8. Give j(l).
-8
Suppose -5*v - 55 = 4*m, 4*v + 61 = 4*m - 55. Let i(f) be the second derivative of f**5/20 + 5*f**4/3 + 3*f**3 - 17*f**2/2 + f. Determine i(v).
2
Let i be 3 - ((-1)/7 + 100/14). Let j(p) be the first derivative of -1/3*p**3 - 2 + 3*p - 5/2*p**2. What is j(i)?
7
Let c(l) = -4*l**3 + l + 2*l**3 - l**2 + 3*l**3. Let v = -487 + 489. Suppose -5*u + v*q - 1 + 3 = 0, -5*q - 5 = 5*u. Calculate c(u).
0
Let b(g) be the second derivative of -g**4/12 + 4*g**3/3 + g**2/2 - 4*g - 24. Let k be (18/(-8) + 1)*-4. Calculate b(k).
16
Let m(y) be the second derivative of -y**5/20 + 7*y**4/12 - 2*y**3/3 + 2*y**2 + 2431*y. Calculate m(7).
-24
Let a(k) = -7*k + 195. Let q(c) = -27*c + 690. Let u(m) = 18*a(m) - 5*q(m). Determine u(-3).
33
Suppose 48 = 3872*x - 3848*x. Let j(m) = -4*m**2 - 4*m + 8. Give j(x).
-16
Suppose 3*u - 20*u = -51. Let v(c) = 0 + c - u - 4*c**3 + 5*c**3 + 3. What is v(-2)?
-10
Let b(z) = -11*z**2 + 1. Suppose 371 = -5*c - 2*s + 380, -5*c + 2*s + 1 = 0. What is b(c)?
-10
Suppose -17 = 8*c - 7*c. Let g(a) = -a + 6. Let s(w) = -4*w + 38. Let j(u) = -5*g(u) + s(u). Calculate j(c).
-9
Let m be (-3)/(-6) + 1590/(-60). Let d(i) = i**3 + 25*i**2 - 29*i - 68. What is d(m)?
10
Suppose 0 = 3*x - 2*x - 2*j + 9, -5*x = 2*j + 33. Let z = 113 + -83. Let f(a) = -10*a - 21*a**2 + z*a**2 - 10*a**2 - 5. Give f(x).
16
Let f(g) = 1. Suppose -b = -9 + 7. Let o(w) = 8*w - 7*w - 2*w**b + 3*w**2 - 6. Let s(q) = -3*f(q) - o(q). Calculate s(3).
-9
Suppose 0 = 5*b - d - 24, -40*b + 45*b - 2*d = 23. Let c(x) = 10*x - 11 + 14*x**2 + x**3 - b*x**3 + 0*x**3 + 3*x**3 - 24*x**2. Give c(-11).
0
Let t be (-1)/((-1)/(-6)*-3). Let x(l) = -8*l - 4 - 66741*l**3 + t + 2 - 5*l**2 + 66742*l**3. Give x(6).
-12
Let l(v) be the second derivative of -4*v**3/3 + 11*v**2/2 - 91*v - 3. Determine l(-2).
27
Let j(l) = l**3 + 17*l**2 - 2*l - 25. Let k be (-8)/6 - (-564)/(-36). Calculate j(k).
9
Let n(t) = 3*t**3 + t - 1. Let k(x) = -x**3 - 5*x**2 - 4*x + 7. Let c be k(-3). Let f be n(c). Suppose -2 = -f*j + 4. Let o(l) = l**2 - 3*l + 2. Calculate o(j).
0
Let g(w) = 14*w + 73. Let v = 37884 - 37891. Calculate g(v).
-25
Let a = 15 + 11. Let d = a - 30. Let f(k) = 2*k. Let c(q) = -6*q. Let r(b) = 2*c(b) + 5*f(b). What is r(d)?
8
Let c(k) be the third derivative of -k**6/120 - 11*k**5/60 - k**4/3 + 7*k**3/3 + 614*k**2 + 9*k. Calculate c(-8).
-114
Let x(p) = 29008 - 3*p**2 + 10*p + 4*p**2 - 29001. Suppose -3*g - 5*y - 16 = 0, -5*g + 2*y + 27 = 2. Let t be g/(-2) - (-44)/(-8). Calculate x(t).
-14
Let l = 5681 + -5666. Let m(o) = -o**3 + 15*o**2 - 5*o - 27. Give m(l).
-102
Let v(h) be the second derivative of h**5/20 + h**4/2 + 5*h**3/6 - 2*h**2 - 5*h + 55. Calculate v(-4).
8
Let x(r) be the second derivative of 217*r + 0 - 3*r**2 - 1/4*r**4 + 7/6*r**3. Suppose 2*w - 6 - 2 = 0. Give x(w).
-26
Let q(o) = -o**3 + 12*o**2 - 12*o + 12. Let j be q(11). Let r be 50/8 - j/4. Let i(y) be the third derivative of y**4/12 - 5*y**3/6 - 39*y**2 - y. Give i(r).
7
Let v(o) be the third derivative of o**5/60 - o**4/24 + o**3/3 + o**2. Let d be ((-8)/(-36)*-3)/(-2*(-8)/(-48)). Determine v(d).
4
Let d(h) be the third derivative of 2*h**5/15 - h*